lculate -19 - (-19 + (-15 - -3)).
12
Calculate (1 - 2) + (120 - 137) - -43.
25
(58 + -53 - (0 + 7)) + 0
-2
Calculate -14 + 7 + 0 + 0 + 23.
16
Calculate (6 - -4) + -5 + 2 + (-4 - -1).
4
Calculate -37 + 21 + -6 - 6.
-28
What is the value of 0 + -6 + 5 - (0 - 1)?
0
What is (-12 - 11) + 6 - -13?
-4
What is (1 - -9) + (-6 - (7 + -3))?
0
-8 + 7 + -1 + 3 + -5 - -4
0
Calculate (1 - 21) + -96 + 128.
12
What is the value of 2 - 24 - (1 + -5)?
-18
What is (10 - 2) + 26 + -32 + -8?
-6
What is 1 + -19 - (-1 + 1)?
-18
Evaluate -42 - (-121 + 31) - 31.
17
What is 1 - (-21 - (12 + -9))?
25
Evaluate 1 + -5 + -2 + -2 + 9.
1
What is the value of -1 + 20 + 10 + (-7 - 14)?
8
Calculate 22 - (-15 - (9 - (8 - 5) - 16)).
27
What is the value of 1 + (-8 - 12 - -1)?
-18
Evaluate 2 + -22 - (-14 - -18 - 10).
-14
(-15 - 24) + 7 + -1 + 8 + -4
-29
What is the value of -2 - 2 - -3 - -5 - (23 - 9)?
-10
Calculate 50 + -29 + -18 + 5.
8
What is the value of (15 - 39 - -33) + (-6 - 2)?
1
What is -14156 + 14165 - (5 - (1 - (0 - -1)))?
4
What is the value of 9 - 4 - (14 - -2) - (-10 + 3)?
-4
Calculate 11 + (0 + 7 + -14 - -1) + 6.
11
What is the value of -1 + (7 - -2) + 28 + -33 - 7?
-4
-5 + 1 - (4 - (-7 + 3 - -7))
-5
What is the value of 9 - (-11 - (-6 - 7))?
7
Calculate -17 + 3 - (-2 + -2).
-10
Evaluate (1 - 5) + (16 + -27 - -26).
11
What is 30 - (-7 - (27 - 50))?
14
What is the value of -41 - ((0 - -24) + -46)?
-19
What is 23 + 8 + -68 + 67?
30
Evaluate 21 + (-1 - -36 - 84).
-28
Evaluate (14 - 1) + (-36 - -48) + -23 + -10.
-8
What is the value of 5 - (6 - 0 - (1 - 2 - -5))?
3
Evaluate 1 - -4 - (-3 - -4) - (1 + 14).
-11
What is -1 - (-7 - (-4 + -7)) - -1?
-4
What is the value of 8 + (-1 - 0 - (-4 + (5 - 9)))?
15
Calculate 2 + (9 - 2) - (1 + 16).
-8
(2 - (22 + -23)) + (1 + -2 - -1)
3
What is the value of 24 + -26 - (0 + 9) - (-2 - 2)?
-7
Calculate -11 + 8 + -2 + -8 + 8 - -16.
11
What is (8 + 22 - -3) + 1 + -8?
26
Calculate (-4 - (3 - 19) - 7) + -43.
-38
Evaluate 0 + 25 + -5 + -7.
13
-17 + 9 + 0 + (17 - 16)
-7
Calculate 0 - (4 + (26 - 14)).
-16
2 + (10 + -7 - (1 - 0))
4
What is the value of (-63 + 42 - (0 + 0)) + 4 + -5?
-22
(-13 - (-2 - 7)) + -15 + 3
-16
What is 23 - 15 - (-22 + 14)?
16
(1 + -1 - (29 - 36)) + (2 - -1)
10
Evaluate -16 + 7 + 4 + 1 + (-19 - -10).
-13
What is the value of 8 + 11 + -9 + (-1 - -6) + -15?
0
What is -4 - -2 - (-16 - (-14 + 4)) - -6?
10
Calculate -2 - 1 - (-50 + 54).
-7
Calculate -11 + 75 + -4 + -38.
22
What is the value of 42 + 25 + -25 + -22?
20
What is the value of (-19 - (8 - 22) - 5) + -1 + 4?
-7
Evaluate (20 - (10 + -2 + -3)) + -7 + 2.
10
What is the value of 5 + -9 + (-1 - -2) + 12?
9
What is the value of -975 + 970 - (-22 - -1)?
16
Evaluate -3 + 1 + (-90 - -86 - (-2 - 0)).
-4
Calculate -1 + 15 + 279 + -283.
10
Evaluate -20 - (-75 - -84 - (9 - -1)).
-19
2 + -1 + 7 + -3 + -7
-2
What is -30 + 13 - -14 - (1 + 0 - -9)?
-13
Calculate (11 - 10 - 23) + 11.
-11
What is 18 - (-18 + 37 - -11)?
-12
(37 - 62) + 17 + 5
-3
What is the value of 30 - 27 - (10 - (0 - -3))?
-4
Evaluate -19 - -25 - (2 + -2 + 0).
6
Evaluate (9 - 2) + 0 - (-348 - -353).
2
What is -32 + 58 + (-2 - -6)?
30
Evaluate 31 + 33 + (14 - 61).
17
(-10 - -9) + 6 - (19 + (3 - 8))
-9
Evaluate (-2 - 7) + -6 - (18 - 24).
-9
What is the value of 2 + (25 - 38) - (1 + -4)?
-8
What is the value of (6 - 1) + (-4 - -3) + 3?
7
-5862 + 5858 - (-1 + 1 + -15)
11
2 + 18 - (101 + -83) - -18
20
Calculate 214 + -88 + -91 + -1 + 1.
35
What is the value of -278 - -262 - (-4 - (29 - 0))?
17
What is -10 - (18 - 47 - -19)?
0
Calculate 15 + 20 + -22 + 6.
19
Calculate -49 + 28 + 13 - (0 + 8).
-16
What is the value of 10 + (-13 - -7) - 6?
-2
-17 + (15 + -3 - -1) + -9
-13
What is -7 + 1 + 13 + (-503 - -517)?
21
What is the value of 7 + -6 + -11 - (-12 + 3)?
-1
What is the value of 45 - 32 - (-11 - -8)?
16
What is 9 - (4 - -8) - (2 + -1)?
-4
Calculate -152 - -148 - (-2 - (-12 + 2)).
-12
What is -213 + 187 - (5 + -4)?
-27
Evaluate -2 + 6 + 1 + -7 + -4 + -5.
-11
Evaluate -6 + 10 + 2 + 6 - 9.
3
What is (-36 - -8) + 24 - -34?
30
0 - ((-10 - -6) + (3 + 4 - 0))
-3
1 + 18 + 0 + (-11 - -3)
11
What is 5 + -9 - ((6 + -4 - -11) + -5)?
-12
What is the value of -5 + (-15 + -8 - -23)?
-5
What is the value of 183 + -185 + (13 - -2)?
13
Evaluate 0 + (-3 - (4 + -3)) + -11.
-15
Calculate -2 + 4 + (-6 - (-7 + -8 - -6)).
5
What is the value of (16 - -2) + (-109 - -59)?
-32
Evaluate -30 + 65 + -30 - (-4 - 0).
9
Calculate 26 + 35 + (-46 - -8).
23
-41 + (2 - 8) + 47
0
(4 + 1 - (-6 + 4)) + 229 + -223
13
(-3 - -8) + 3 - (-249 + 265)
-8
Calculate -6 + (-5 - -7) - (0 + -14).
10
Calculate 138 - 135 - ((-2 - (-1 + -3)) + -4).
5
Calculate -3 + (-16 - -9) + 18 + -43.
-35
What is the value of 37 - ((-10 - 6) + (-1 - -13) + 9)?
32
What is -32 + 42 - (15 - -1)?
-6
What is the value of (-6 - 7) + -41 + 53?
-1
What is (-17 - -12) + 7 - 3?
-1
What is 3 - (8 + 0 + (16 - (57 + -29)))?
7
Calculate 7 - (-25 + 19) - (0 + 6).
7
-46 + (-41 - -103) - (0 - 0)
16
What is 3 + (-8 + 3 - 6) + 0?
-8
Calculate -7 + -4 + (10 + -7 - -6).
-2
Evaluate 19 + -24 + 3 + -6 + -6 + -2.
-16
What is the value of (2 - -8) + -32 + 25 + 2?
5
Calculate 14 + (-2 - 19 - (-7 - -9)).
-9
What is (-4 - 8) + -15 + 20 + 16 + -7?
2
What is the value of 14 + (13 - 3 - 12)?
12
Evaluate -26 - (-59 + 8 + 7).
18
Calculate 2 + -2 + 9 + -13.
-4
Evaluate -12 - -1 - -7 - (-5 - -9 - 0).
-8
What is the value of -1 - -1 - (1 + 5 - (131 + -136))?
-11
Calculate (16 - 4) + -9 - (-25 - -36).
-8
Evaluate 7 + (-11 - (1 - 11 - -3)) + -18.
-15
Evaluate 13 - (-6 + 7) - (-23 - -24).
11
What is -6 + -6 + 4 + 11 + 0 - 8?
-5
15 + (4 - (-25 + 19))
25
What is (5 + -1 - (-3 + (-4 - -10))) + -2?
-1
5 + (-4 - (-7 - -11)) - -3
0
(-48 - -91) + (-36 - 20)
-13
Evaluate 94 - 82 - (-3 + 16).
-1
What is the value of 0 + 0 + 2 + -104 + 110?
8
-6 + -1 + 8 + -15 + (-8 - -20)
-2
What is -42 - (3 - (-13 - -36))?
-22
Evaluate 37 + -71 + 16 + -8.
-26
-1 + (-2 + -3 - (-1 - (-2 + 13)))
6
Calculate -3 + 2 + -4 - (58 - (-7 - -62)).
-8
What is the value of (1 - -3) + (11 - 13) + -1?
1
-11 - (-14 - -4 - 2)
1
7 - (-19 - (34 - 60))
0
What is the value of 8 + -4 + (-9 - -3)?
-2
Evaluate -4 + -10 - (-142 + 155).
-27
Calculate (-6 - (5 - 14 - -5)) + 20 + -1.
17
Calculate (11 - (-1 + 5) - 19) + 30.
18
Evaluate (29 - 18) + (20 + -6 - 13).
12
Evaluate 14 + 27 + 5 - 7.
39
What is -3 - (-15 - 0) - ((9 - 11) + 3)?
11
What is 23 + (31 + -20 - 47)?
-13
-6 - (-6 + (-6 - -7) + (5 - -1))
-7
Calculate -11 - (3 + (9 - (-6 + 12))).
-17
Evaluate -1 + 2 - (2 + (-6 - 1) + 6).
0
What is (-9 - 4) + (-2 - -5 - -7)?
-3
Calculate (8 - -2) + 9 + -17 + -11.
-9
What is the value of -10 - (-21 + 27 + -21)?
5
Evaluate 26 + -21 + 14 + 15.
34
What is 0 + ((23 + -2 - 5) + -8 - -9)?
17
What is the value of 56 - 45 - (9 + 2 + -3 + -2)?
5
What is the value of 19 - 20 - ((-1 - 1) + (6 - 3))?
-2
Calculate (-10 - -1 - -1) + -19 + 48 + -3.
18
What is the value of 0 + (4 - 5) - (228 - 247)?
18
What is the value of -6 + (-1 - (-14 + -3))?
10
Evaluate 5 - (-1 + 6 - 9) - (5 + -6).
10
24 - -2 - ((-6 - -3) + 4)
25
-5 + (19 - 30 - -3)
-13
Calculate (17 + -31 - -4) + 42 - 13.
19
Calculate (16 - (-29 - -46)) + 0 + 2 + 25.
26
What is 2 + (14 + -21 - (2 + -9))?
2
Evaluate (3 - 2) + (104 - 93) + 14.
26
Calculate 20 + -36 - (-11 - (39 + -2)).
32
6 + (-2 - 6) - (-3 + -1 - -25)
-23
22 + (7 + -23 - (-6 + 0))
12
Calculate -19 - ((33 - 6) + -70).
24
Evaluate -33 - ((-9 - -25) + (9 + -7 - 13)).
-38
What is -1 - (-8 - (-1 + -15) - 21)?
12
Calculate -3 + 6 + -2 + (-6 - -15).
10
What is the value of -4 + (5 - -3 - 3) + -4?
-3
What is the value of (-3 - 9) + (98 - 100)?
-14
What is the value of 15 - (11 - -2 - 1)?
3
What is -6 + (0 + 5 + 25 - (11 + -3))?
16
What is 3 + -8 + (-1 - (-4 - 3))?
1
What is the value of -8 + 7 + (-19 - (-14 + 5))?
-11
Evaluate (7 - 6) + -5 + 2 + -14 + 2.
-14
Evaluate 10 + 7 + (-12 - -1) + -28 + 4.
-18
Evaluate (1 - 0) + -13 + (-5 - (-2 + -3)).
-12
Evaluate 11 + (-34 + 35 + (-1 - 12) - -7).
6
What is (2 - 2) + -1 + (-33 - -49 - 24)?
-9
What is (-12 - -16) + -22 + 3 + -3 + 6?
-12
Calculate -12 + 23 + 13 + -18.
6
Calculate -7 + (3 - -3 - 10) + -4.
-15
34 + (2 - (0 - (-6 + 5)) - 4)
31
Calculate (-2 - -10) + -2 + (-9 - (-13 - 5)).
15
What is (6 - 13 - (0 - (17 - 0))) + 4?
14
Evaluate -24 -